{"id":25647,"date":"2019-08-06T00:00:00","date_gmt":"2019-08-06T00:00:00","guid":{"rendered":"https:\/\/baztan-bidasoa.com\/desarrollo\/events\/amaiur-fiestas-patronales\/"},"modified":"2019-08-06T00:00:00","modified_gmt":"2019-08-06T00:00:00","slug":"amaiur-fiestas-patronales","status":"publish","type":"events","link":"https:\/\/baztan-bidasoa.com\/desarrollo\/events\/amaiur-fiestas-patronales\/","title":{"rendered":"Amaiur. Fiestas patronales"},"content":{"rendered":"<h5><strong>Amaiur. Programa festivo:<\/strong><\/h5>\n<h4>Mi\u00e9rcoles, 14 de agosto<\/h4>\n<p>20:00 Chupinazo y repique de campanas. Charanga KUXKUXTU animando el pueblo<\/p>\n<p>21:00 Baztan Zopas, amanizadas por la charanga KUXKUXTU. (Entradas a la venta en el Bar Gaztelu de Amaiur e Intza y Antxitonea de Elizondo)<\/p>\n<p>01:00 Gaupasa con GABEZIN<\/p>\n<p><span style=\"color: #ff0000;\">Aviso: Servicio de autob\u00fas \/ a las 04:00 y a las 06:30<\/span><\/p>\n<h4>Jueves, 15 de agosto<\/h4>\n<p>10:00 XVII\u00ba Exhibici\u00f3n y concurso de ovejas de Baztan-Bidasoa. Concurso de queso de oveja, exhibici\u00f3n de caballos de raza burguete y exhibici\u00f3n de ovejas de cara negra de Iparralde, amenizado por trikitrilaris<\/p>\n<p>11:00 Misa Mayor. Despu\u00e9s actuaci\u00f3n del grupo Gaztelu en la iglesia<\/p>\n<p>12:00 Txistularis por el pueblo<\/p>\n<p>13:00 Mutildantzas y aperitivo<\/p>\n<p>17:00 Desfile de perros pastor amenizado por trikitilaris<\/p>\n<p>17:30 XLIV\u00ba Campeonato de Perros Pastor XV\u00ba memorial de Patxi Etxeberria<\/p>\n<p>20:00 Concierto del grupo MANEZ ETA KOBREAK<\/p>\n<h4>Viernes, 16 de agosto<\/h4>\n<p>Dianas con los gaiteros del pueblo<\/p>\n<p>11:00 Finales infantiles de pelota a mano<\/p>\n<p>11:30 Mus rel\u00e1mpago en Gaztelu ostatua<\/p>\n<p>12:30 Juegos Infantiles en la plaza<\/p>\n<p>14:00 Comida para l@s ni\u00f1@s en la sociedad y comida autogestionada de l@s j\u00f3venes<\/p>\n<p>16:00 Parque de juegos y fiesta de la espuma en la plaza<\/p>\n<p>19:00 Elektrocharanga con Burrumba<\/p>\n<p>19:30 Chocolatada<\/p>\n<p>21:30 Muxikos, gaita, larraindantza y mutildantzas<\/p>\n<p>22:00 Cena de l@s j\u00f3venes en la sociedad<\/p>\n<p>23:30 Conciertos: PLEURA y los ZAPILOTES TXIRRIAUS<\/p>\n<p>A continuaci\u00f3n marcha en el bar<\/p>\n<h4>S\u00e1bado, 17 de agosto<\/h4>\n<p>XVIII Lanzameintro de boina<\/p>\n<p>14:00 Zikiro jate amenizado por Frantzisko Santxotena<\/p>\n<p>00:30 Gaupasa con Gabenara<\/p>\n<p><span style=\"color: #ff0000;\">Aviso: Servicio de autob\u00fas\u00a0<\/span><\/p>\n<p>&nbsp;<\/p>\n","protected":false},"excerpt":{"rendered":"<p>Amaiur. Programa festivo: Mi\u00e9rcoles, 14 de agosto 20:00 Chupinazo y repique de campanas. Charanga KUXKUXTU animando el pueblo 21:00 Baztan Zopas, amanizadas por la charanga KUXKUXTU. (Entradas a la venta en el Bar Gaztelu de Amaiur e Intza y Antxitonea de Elizondo) 01:00 Gaupasa con GABEZIN Aviso: Servicio de autob\u00fas \/ a las 04:00 y [&hellip;]<\/p>\n","protected":false},"author":3,"featured_media":8527,"menu_order":0,"comment_status":"open","ping_status":"open","template":"","calendar":[45],"organizer":[],"venue":[47],"acf":[],"yoast_head":"<!-- This site is optimized with the Yoast SEO plugin v19.10 - https:\/\/yoast.com\/wordpress\/plugins\/seo\/ -->\n<title>Amaiur. Fiestas patronales - Baztan Bidasoa Turismoa<\/title>\n<meta name=\"robots\" content=\"noindex, follow\" \/>\n<meta property=\"og:locale\" content=\"es_ES\" \/>\n<meta property=\"og:type\" content=\"article\" \/>\n<meta property=\"og:title\" content=\"Amaiur. Fiestas patronales - Baztan Bidasoa Turismoa\" \/>\n<meta property=\"og:description\" content=\"Amaiur. Programa festivo: Mi\u00e9rcoles, 14 de agosto 20:00 Chupinazo y repique de campanas. Charanga KUXKUXTU animando el pueblo 21:00 Baztan Zopas, amanizadas por la charanga KUXKUXTU. (Entradas a la venta en el Bar Gaztelu de Amaiur e Intza y Antxitonea de Elizondo) 01:00 Gaupasa con GABEZIN Aviso: Servicio de autob\u00fas \/ a las 04:00 y [&hellip;]\" \/>\n<meta property=\"og:url\" content=\"https:\/\/baztan-bidasoa.com\/desarrollo\/events\/amaiur-fiestas-patronales\/\" \/>\n<meta property=\"og:site_name\" content=\"Baztan Bidasoa Turismoa\" \/>\n<meta property=\"og:image\" content=\"https:\/\/baztan-bidasoa.com\/desarrollo\/wp-content\/uploads\/2020\/01\/castillo-de-amaiur.jpg\" \/>\n\t<meta property=\"og:image:width\" content=\"900\" \/>\n\t<meta property=\"og:image:height\" content=\"600\" \/>\n\t<meta property=\"og:image:type\" content=\"image\/jpeg\" \/>\n<meta name=\"twitter:card\" content=\"summary_large_image\" \/>\n<meta name=\"twitter:label1\" content=\"Tiempo de lectura\" \/>\n\t<meta name=\"twitter:data1\" content=\"1 minuto\" \/>\n<script type=\"application\/ld+json\" class=\"yoast-schema-graph\">{\"@context\":\"https:\/\/schema.org\",\"@graph\":[{\"@type\":\"WebPage\",\"@id\":\"https:\/\/baztan-bidasoa.com\/desarrollo\/events\/amaiur-fiestas-patronales\/\",\"url\":\"https:\/\/baztan-bidasoa.com\/desarrollo\/events\/amaiur-fiestas-patronales\/\",\"name\":\"Amaiur. Fiestas patronales - Baztan Bidasoa Turismoa\",\"isPartOf\":{\"@id\":\"https:\/\/baztan-bidasoa.com\/desarrollo\/#website\"},\"datePublished\":\"2019-08-06T00:00:00+00:00\",\"dateModified\":\"2019-08-06T00:00:00+00:00\",\"breadcrumb\":{\"@id\":\"https:\/\/baztan-bidasoa.com\/desarrollo\/events\/amaiur-fiestas-patronales\/#breadcrumb\"},\"inLanguage\":\"es\",\"potentialAction\":[{\"@type\":\"ReadAction\",\"target\":[\"https:\/\/baztan-bidasoa.com\/desarrollo\/events\/amaiur-fiestas-patronales\/\"]}]},{\"@type\":\"BreadcrumbList\",\"@id\":\"https:\/\/baztan-bidasoa.com\/desarrollo\/events\/amaiur-fiestas-patronales\/#breadcrumb\",\"itemListElement\":[{\"@type\":\"ListItem\",\"position\":1,\"name\":\"Portada\",\"item\":\"https:\/\/baztan-bidasoa.com\/desarrollo\/\"},{\"@type\":\"ListItem\",\"position\":2,\"name\":\"Amaiur. Fiestas patronales\"}]},{\"@type\":\"WebSite\",\"@id\":\"https:\/\/baztan-bidasoa.com\/desarrollo\/#website\",\"url\":\"https:\/\/baztan-bidasoa.com\/desarrollo\/\",\"name\":\"Baztan Bidasoa Turismoa\",\"description\":\"Asociaci\u00f3n Tur\u00edstica Baztan-Bidasoa Turismo Elkartea\",\"potentialAction\":[{\"@type\":\"SearchAction\",\"target\":{\"@type\":\"EntryPoint\",\"urlTemplate\":\"https:\/\/baztan-bidasoa.com\/desarrollo\/?s={search_term_string}\"},\"query-input\":\"required name=search_term_string\"}],\"inLanguage\":\"es\"}]}<\/script>\n<!-- \/ Yoast SEO plugin. -->","yoast_head_json":{"title":"Amaiur. Fiestas patronales - Baztan Bidasoa Turismoa","robots":{"index":"noindex","follow":"follow"},"og_locale":"es_ES","og_type":"article","og_title":"Amaiur. Fiestas patronales - Baztan Bidasoa Turismoa","og_description":"Amaiur. Programa festivo: Mi\u00e9rcoles, 14 de agosto 20:00 Chupinazo y repique de campanas. Charanga KUXKUXTU animando el pueblo 21:00 Baztan Zopas, amanizadas por la charanga KUXKUXTU. (Entradas a la venta en el Bar Gaztelu de Amaiur e Intza y Antxitonea de Elizondo) 01:00 Gaupasa con GABEZIN Aviso: Servicio de autob\u00fas \/ a las 04:00 y [&hellip;]","og_url":"https:\/\/baztan-bidasoa.com\/desarrollo\/events\/amaiur-fiestas-patronales\/","og_site_name":"Baztan Bidasoa Turismoa","og_image":[{"width":900,"height":600,"url":"https:\/\/baztan-bidasoa.com\/desarrollo\/wp-content\/uploads\/2020\/01\/castillo-de-amaiur.jpg","type":"image\/jpeg"}],"twitter_card":"summary_large_image","twitter_misc":{"Tiempo de lectura":"1 minuto"},"schema":{"@context":"https:\/\/schema.org","@graph":[{"@type":"WebPage","@id":"https:\/\/baztan-bidasoa.com\/desarrollo\/events\/amaiur-fiestas-patronales\/","url":"https:\/\/baztan-bidasoa.com\/desarrollo\/events\/amaiur-fiestas-patronales\/","name":"Amaiur. Fiestas patronales - Baztan Bidasoa Turismoa","isPartOf":{"@id":"https:\/\/baztan-bidasoa.com\/desarrollo\/#website"},"datePublished":"2019-08-06T00:00:00+00:00","dateModified":"2019-08-06T00:00:00+00:00","breadcrumb":{"@id":"https:\/\/baztan-bidasoa.com\/desarrollo\/events\/amaiur-fiestas-patronales\/#breadcrumb"},"inLanguage":"es","potentialAction":[{"@type":"ReadAction","target":["https:\/\/baztan-bidasoa.com\/desarrollo\/events\/amaiur-fiestas-patronales\/"]}]},{"@type":"BreadcrumbList","@id":"https:\/\/baztan-bidasoa.com\/desarrollo\/events\/amaiur-fiestas-patronales\/#breadcrumb","itemListElement":[{"@type":"ListItem","position":1,"name":"Portada","item":"https:\/\/baztan-bidasoa.com\/desarrollo\/"},{"@type":"ListItem","position":2,"name":"Amaiur. Fiestas patronales"}]},{"@type":"WebSite","@id":"https:\/\/baztan-bidasoa.com\/desarrollo\/#website","url":"https:\/\/baztan-bidasoa.com\/desarrollo\/","name":"Baztan Bidasoa Turismoa","description":"Asociaci\u00f3n Tur\u00edstica Baztan-Bidasoa Turismo Elkartea","potentialAction":[{"@type":"SearchAction","target":{"@type":"EntryPoint","urlTemplate":"https:\/\/baztan-bidasoa.com\/desarrollo\/?s={search_term_string}"},"query-input":"required name=search_term_string"}],"inLanguage":"es"}]}},"_links":{"self":[{"href":"https:\/\/baztan-bidasoa.com\/desarrollo\/wp-json\/wp\/v2\/events\/25647"}],"collection":[{"href":"https:\/\/baztan-bidasoa.com\/desarrollo\/wp-json\/wp\/v2\/events"}],"about":[{"href":"https:\/\/baztan-bidasoa.com\/desarrollo\/wp-json\/wp\/v2\/types\/events"}],"author":[{"embeddable":true,"href":"https:\/\/baztan-bidasoa.com\/desarrollo\/wp-json\/wp\/v2\/users\/3"}],"replies":[{"embeddable":true,"href":"https:\/\/baztan-bidasoa.com\/desarrollo\/wp-json\/wp\/v2\/comments?post=25647"}],"version-history":[{"count":0,"href":"https:\/\/baztan-bidasoa.com\/desarrollo\/wp-json\/wp\/v2\/events\/25647\/revisions"}],"wp:featuredmedia":[{"embeddable":true,"href":"https:\/\/baztan-bidasoa.com\/desarrollo\/wp-json\/wp\/v2\/media\/8527"}],"wp:attachment":[{"href":"https:\/\/baztan-bidasoa.com\/desarrollo\/wp-json\/wp\/v2\/media?parent=25647"}],"wp:term":[{"taxonomy":"calendar","embeddable":true,"href":"https:\/\/baztan-bidasoa.com\/desarrollo\/wp-json\/wp\/v2\/calendar?post=25647"},{"taxonomy":"organizer","embeddable":true,"href":"https:\/\/baztan-bidasoa.com\/desarrollo\/wp-json\/wp\/v2\/organizer?post=25647"},{"taxonomy":"venue","embeddable":true,"href":"https:\/\/baztan-bidasoa.com\/desarrollo\/wp-json\/wp\/v2\/venue?post=25647"}],"curies":[{"name":"wp","href":"https:\/\/api.w.org\/{rel}","templated":true}]}}

<h5><strong>Amaiur. Programa festivo:</strong></h5>
<h4>Miércoles, 14 de agosto</h4>
<p>20:00 Chupinazo y repique de campanas. Charanga KUXKUXTU animando el pueblo</p>
<p>21:00 Baztan Zopas, amanizadas por la charanga KUXKUXTU. (Entradas a la venta en el Bar Gaztelu de Amaiur e Intza y Antxitonea de Elizondo)</p>
<p>01:00 Gaupasa con GABEZIN</p>
<p><span style="color: #ff0000;">Aviso: Servicio de autobús / a las 04:00 y a las 06:30</span></p>
<h4>Jueves, 15 de agosto</h4>
<p>10:00 XVIIº Exhibición y concurso de ovejas de Baztan-Bidasoa. Concurso de queso de oveja, exhibición de caballos de raza burguete y exhibición de ovejas de cara negra de Iparralde, amenizado por trikitrilaris</p>
<p>11:00 Misa Mayor. Después actuación del grupo Gaztelu en la iglesia</p>
<p>12:00 Txistularis por el pueblo</p>
<p>13:00 Mutildantzas y aperitivo</p>
<p>17:00 Desfile de perros pastor amenizado por trikitilaris</p>
<p>17:30 XLIVº Campeonato de Perros Pastor XVº memorial de Patxi Etxeberria</p>
<p>20:00 Concierto del grupo MANEZ ETA KOBREAK</p>
<h4>Viernes, 16 de agosto</h4>
<p>Dianas con los gaiteros del pueblo</p>
<p>11:00 Finales infantiles de pelota a mano</p>
<p>11:30 Mus relámpago en Gaztelu ostatua</p>
<p>12:30 Juegos Infantiles en la plaza</p>
<p>14:00 Comida para l@s niñ@s en la sociedad y comida autogestionada de l@s jóvenes</p>
<p>16:00 Parque de juegos y fiesta de la espuma en la plaza</p>
<p>19:00 Elektrocharanga con Burrumba</p>
<p>19:30 Chocolatada</p>
<p>21:30 Muxikos, gaita, larraindantza y mutildantzas</p>
<p>22:00 Cena de l@s jóvenes en la sociedad</p>
<p>23:30 Conciertos: PLEURA y los ZAPILOTES TXIRRIAUS</p>
<p>A continuación marcha en el bar</p>
<h4>Sábado, 17 de agosto</h4>
<p>XVIII Lanzameintro de boina</p>
<p>14:00 Zikiro jate amenizado por Frantzisko Santxotena</p>
<p>00:30 Gaupasa con Gabenara</p>
<p><span style="color: #ff0000;">Aviso: Servicio de autobús </span></p>
<p>&nbsp;</p>

<p>Amaiur. Programa festivo: Miércoles, 14 de agosto 20:00 Chupinazo y repique de campanas. Charanga KUXKUXTU animando el pueblo 21:00 Baztan Zopas, amanizadas por la charanga KUXKUXTU. (Entradas a la venta en el Bar Gaztelu de Amaiur e Intza y Antxitonea de Elizondo) 01:00 Gaupasa con GABEZIN Aviso: Servicio de autobús / a las 04:00 y [&hellip;]</p>

<!-- This site is optimized with the Yoast SEO plugin v19.10 - https://yoast.com/wordpress/plugins/seo/ -->
<title>Amaiur. Fiestas patronales - Baztan Bidasoa Turismoa</title>
<meta name="robots" content="noindex, follow" />
<meta property="og:locale" content="es_ES" />
<meta property="og:type" content="article" />
<meta property="og:title" content="Amaiur. Fiestas patronales - Baztan Bidasoa Turismoa" />
<meta property="og:description" content="Amaiur. Programa festivo: Miércoles, 14 de agosto 20:00 Chupinazo y repique de campanas. Charanga KUXKUXTU animando el pueblo 21:00 Baztan Zopas, amanizadas por la charanga KUXKUXTU. (Entradas a la venta en el Bar Gaztelu de Amaiur e Intza y Antxitonea de Elizondo) 01:00 Gaupasa con GABEZIN Aviso: Servicio de autobús / a las 04:00 y [&hellip;]" />
<meta property="og:url" content="https://baztan-bidasoa.com/desarrollo/events/amaiur-fiestas-patronales/" />
<meta property="og:site_name" content="Baztan Bidasoa Turismoa" />
<meta property="og:image" content="https://baztan-bidasoa.com/desarrollo/wp-content/uploads/2020/01/castillo-de-amaiur.jpg" />
	<meta property="og:image:width" content="900" />
	<meta property="og:image:height" content="600" />
	<meta property="og:image:type" content="image/jpeg" />
<meta name="twitter:card" content="summary_large_image" />
<meta name="twitter:label1" content="Tiempo de lectura" />
	<meta name="twitter:data1" content="1 minuto" />
<script type="application/ld+json" class="yoast-schema-graph">{"@context":"https://schema.org","@graph":[{"@type":"WebPage","@id":"https://baztan-bidasoa.com/desarrollo/events/amaiur-fiestas-patronales/","url":"https://baztan-bidasoa.com/desarrollo/events/amaiur-fiestas-patronales/","name":"Amaiur. Fiestas patronales - Baztan Bidasoa Turismoa","isPartOf":{"@id":"https://baztan-bidasoa.com/desarrollo/#website"},"datePublished":"2019-08-06T00:00:00+00:00","dateModified":"2019-08-06T00:00:00+00:00","breadcrumb":{"@id":"https://baztan-bidasoa.com/desarrollo/events/amaiur-fiestas-patronales/#breadcrumb"},"inLanguage":"es","potentialAction":[{"@type":"ReadAction","target":["https://baztan-bidasoa.com/desarrollo/events/amaiur-fiestas-patronales/"]}]},{"@type":"BreadcrumbList","@id":"https://baztan-bidasoa.com/desarrollo/events/amaiur-fiestas-patronales/#breadcrumb","itemListElement":[{"@type":"ListItem","position":1,"name":"Portada","item":"https://baztan-bidasoa.com/desarrollo/"},{"@type":"ListItem","position":2,"name":"Amaiur. Fiestas patronales"}]},{"@type":"WebSite","@id":"https://baztan-bidasoa.com/desarrollo/#website","url":"https://baztan-bidasoa.com/desarrollo/","name":"Baztan Bidasoa Turismoa","description":"Asociación Turística Baztan-Bidasoa Turismo Elkartea","potentialAction":[{"@type":"SearchAction","target":{"@type":"EntryPoint","urlTemplate":"https://baztan-bidasoa.com/desarrollo/?s={search_term_string}"},"query-input":"required name=search_term_string"}],"inLanguage":"es"}]}</script>
<!-- / Yoast SEO plugin. -->

Amaiur. Programa festivo: Miércoles, 14 de agosto 20:00 Chupinazo y repique de campanas. Charanga KUXKUXTU animando el pueblo 21:00 Baztan Zopas, amanizadas por la charanga KUXKUXTU. (Entradas a la venta en el Bar Gaztelu de Amaiur e Intza y Antxitonea de Elizondo) 01:00 Gaupasa con GABEZIN Aviso: Servicio de autobús / a las 04:00 y [&hellip;]

Asociación Turística Baztan-Bidasoa Turismo Elkartea
